t is -2 + -35?
-37
In base 14, what is -4 - -106?
102
In base 7, what is -1 - -5650?
5646
In base 6, what is 10453 + -3?
10450
In base 7, what is 55 + -5?
50
In base 3, what is 102 + -1200?
-1021
In base 9, what is -1 - 323?
-324
In base 13, what is 5 - c1?
-b9
In base 14, what is 0 + 393?
393
In base 6, what is 2440 + 1?
2441
In base 2, what is 10 - -1101010?
1101100
In base 8, what is -1 + 7352?
7351
In base 3, what is 2 + 1?
10
In base 15, what is -417 + -1d?
-435
In base 13, what is 18 + -6?
12
In base 8, what is 3 - 412?
-407
In base 14, what is a + -5bc?
-5b2
In base 14, what is -280 + -8?
-288
In base 16, what is 6e - 7c?
-e
In base 5, what is 1 + -2334?
-2333
In base 13, what is 3 - -10a?
110
In base 4, what is 2 + 11000?
11002
In base 11, what is 0 - -58?
58
In base 16, what is -2 - 1?
-3
In base 6, what is 3 - 1355?
-1352
In base 10, what is 2 + 595?
597
In base 14, what is -57 - -56?
-1
In base 8, what is 1506 + -26?
1460
In base 11, what is -6 - 449?
-454
In base 15, what is -36 - 3?
-39
In base 7, what is 2 + 25?
30
In base 3, what is 2 - 220212?
-220210
In base 8, what is 16025 + 3?
16030
In base 15, what is -7 + 0?
-7
In base 3, what is -100 + -2001210?
-2002010
In base 8, what is -51047 - -2?
-51045
In base 5, what is 1242 - -10?
1302
In base 10, what is -8 + 248?
240
In base 3, what is 0 - -21012?
21012
In base 8, what is -77 - 2?
-101
In base 11, what is 3 - 4?
-1
In base 14, what is 738 - a?
72c
In base 9, what is 1 - 172?
-171
In base 15, what is -24 - -1a?
-9
In base 15, what is -33 - -2?
-31
In base 4, what is -1032 - 2?
-1100
In base 2, what is 100 + 110?
1010
In base 10, what is 2354 + 0?
2354
In base 5, what is -1434 + -14?
-2003
In base 13, what is -9 - 9?
-15
In base 13, what is -1 + -18?
-19
In base 4, what is 1013 + 12?
1031
In base 4, what is 1 - 210?
-203
In base 13, what is -1 + 31ac?
31ab
In base 6, what is 0 + -2400?
-2400
In base 5, what is -300 + -10?
-310
In base 12, what is 29 + -b2?
-85
In base 6, what is 2 - -11105?
11111
In base 15, what is -16 - 0?
-16
In base 3, what is -2 + 20211?
20202
In base 5, what is 2 + -140?
-133
In base 2, what is 1000111 - -11001001?
100010000
In base 10, what is -2 + 181?
179
In base 7, what is 1301 + -1?
1300
In base 8, what is 135 + -26?
107
In base 9, what is -461 + 4?
-456
In base 10, what is -8239 - -4?
-8235
In base 13, what is -4 + -26a?
-271
In base 2, what is -11 - 111001001?
-111001100
In base 10, what is 1416 + 20?
1436
In base 11, what is -2 - -89?
87
In base 9, what is 8501 + 5?
8506
In base 16, what is -78 - 0?
-78
In base 13, what is -5 - -a7?
a2
In base 14, what is -9 + 53?
48
In base 8, what is 4753 - -10?
4763
In base 8, what is 177 - 77?
100
In base 7, what is -1 + 1106?
1105
In base 4, what is -22 - -10?
-12
In base 5, what is 42 - 2?
40
In base 11, what is -1 + -8a3?
-8a4
In base 10, what is -429 - -1?
-428
In base 14, what is 28c + -5?
287
In base 8, what is 0 + 244?
244
In base 9, what is 3177 - 4?
3173
In base 13, what is -3 - 322?
-325
In base 5, what is -212 - -34?
-123
In base 12, what is 8 + 1129?
1135
In base 3, what is 11000 + -122?
10101
In base 16, what is 2b0 + -3?
2ad
In base 10, what is 1 - -50?
51
In base 10, what is 236 + -76?
160
In base 12, what is 0 - 3a?
-3a
In base 11, what is 1046 - 5?
1041
In base 16, what is -d + -165?
-172
In base 8, what is -120 - 0?
-120
In base 2, what is -1010 - 11101101?
-11110111
In base 5, what is -13 - 444?
-1012
In base 3, what is 1 + -22012212?
-22012211
In base 5, what is -121 - -1134?
1013
In base 15, what is 15 + -38?
-23
In base 7, what is 110 + -2?
105
In base 3, what is -10102 - -22?
-10010
In base 8, what is 4 - 116?
-112
In base 7, what is 5122 - 0?
5122
In base 15, what is c7 - -2?
c9
In base 11, what is 0 - -45?
45
In base 14, what is 2dd + -3?
2da
In base 12, what is -1 + 441a?
4419
In base 5, what is 120 - -14?
134
In base 7, what is -14 - 3105?
-3122
In base 15, what is -1 + -1?
-2
In base 16, what is 3b - -2?
3d
In base 13, what is -b3 + 0?
-b3
In base 12, what is 998a + 0?
998a
In base 12, what is -12 + -ba?
-110
In base 7, what is 361 + -5?
353
In base 8, what is -1254 + 2?
-1252
In base 10, what is -2 - 4?
-6
In base 8, what is 32 + -352?
-320
In base 16, what is -32 - -4?
-2e
In base 13, what is 40 + 15?
55
In base 9, what is 4 - 1174?
-1170
In base 8, what is 161 + 32?
213
In base 15, what is 22 - 109?
-d7
In base 16, what is 51 - -21?
72
In base 16, what is -4 + -19c?
-1a0
In base 12, what is -28a6 + 5?
-28a1
In base 12, what is 8 + -3?
5
In base 3, what is 1010212 + -10?
1010202
In base 16, what is -10 - 6?
-16
In base 2, what is -110 - 1101?
-10011
In base 12, what is -4 - -34?
30
In base 15, what is 8d - 25?
68
In base 5, what is 112 + 113?
230
In base 15, what is -9980 - 5?
-9985
In base 13, what is -1 - 88?
-89
In base 6, what is -2 + 15?
13
In base 13, what is 1203a + 2?
1203c
In base 2, what is -1001 + -101000?
-110001
In base 16, what is 107 + -3?
104
In base 8, what is 42 + 1?
43
In base 15, what is -34a - -7?
-343
In base 14, what is 69 - 7?
62
In base 12, what is -9 + -193?
-1a0
In base 12, what is a9 + 50?
139
In base 13, what is -24 - 33?
-57
In base 2, what is 1000101 + 0?
1000101
In base 8, what is 557 - -43?
622
In base 3, what is -1002112 + -221?
-1010110
In base 6, what is 0 + -2250?
-2250
In base 5, what is 0 + 124?
124
In base 3, what is 12012 - -11?
12100
In base 5, what is -1014 + 1?
-1013
In base 14, what is -5a + 35?
-25
In base 3, what is 2 + 11022?
11101
In base 8, what is 544 + -2?
542
In base 3, what is 1020 - -101?
1121
In base 15, what is -17 + -1c?
-34
In base 12, what is -22 - -29?
7
In base 11, what is 847 - -2?
849
In base 5, what is 10 + 22113?
22123
In base 15, what is -a1c + 2?
-a1a
In base 13, what is 34 - -2c?
63
In base 4, what is 201 + -203?
-2
In base 10, what is -75 - -17?
-58
In base 14, what is -c + 52?
44
In base 15, what is -277d + -4?
-2782
In base 16, what is -6c3 + 2?
-6c1
In base 15, what is -3 - 22?
-25
In base 13, what is -8a + 30?
-5a
In base 14, what is 2 + 19da?
19dc
In base 9, what is -3 + 61?
57
In base 13, what is -15 + -2?
-17
In base 12, what is 345 + -4?
341
In base 7, what is 0 + 235?
235
In base 11, what is -43 + 5?
-39
In base 3, what is 211 - 1021?
-110
In base 7, what is -312 + -15?
-330
In base 3, what is 1 + -1200?
-1122
In base 5, what is 10 - -10111?
10121
In base 13, what is 126 - -12?
138
In base 13, what is -16 + -2?
-18
In base 4, what is -213122 + 3?
-213113
In base 10, what is 2310 - -1?
2311
In base 8, what is -700 + 1?
-677
In base 9, what is 8 + -2672?
-2663
In base 15, what is 83 + 4?
87
In base 9, what is -5 - -52?
46
In base 11, what is 1994 - 4?
1990
In base 16, what is fbe - -5?
fc3
In base 13, what is 18 + -28?
-10
In base 8, what is 22777 - 1?
22776
In base 7, what is 0 - 246?
-246
In base 11, what is 21 - -146?
167
In base 7, what is -21 - -10?
-11
In base 8, what is 1 - 743?
-742
In base 9, what is 425 + 2?
427
In base 14, what is -bac - -8?
-ba4
In base 6, what is 3 - -41?
44
In base 3, what is -10211 - -222?
-2212
In base 3, what is -1 - 110?
-111
In base 10, what is -351 + -5?
-356
In base 7, what is -3 - -1631?
1625
In base 10, what is -3 + 424?
421
In base 7, what is 1301 - 0?
1301
In base 9, what is 34 - 3?
31
In base 5, what is 44124 - -3?
44132
In base 8, what is -147 - 241?
-410
In base 16, what is 7e5 - 1?
7e4
In base 12, what is 14a + 3?
151
In base 16, what is -5 - a46?
-a4b
In base 4, what is 303201 + 0?
303201
In base 7, what is 30 + 142?
202
In base 14, what is -30 + -3d?
-6d
In base 16, what is -4 - -10b?
107
In base 6, what is 1 - 30?
-25
In base 15, what is 10c - 1?
10b
In base 7, what is 0 - -14530?
14530
In base 4, what is -31012 + 0?
-31012
In base 16, what is -5 + -d11?
-d16
In base 7, what is 34 - 1252?
-1215
In base 3, what is -1200 - 2?
-1202
In base 12, what is 3224 + 4?
3228
In base 16, what is 1fc - 4?
1f8
In base 13, what is -60 - 77?
-107
In base 9, what is -737 + -1?
-738
In base 2, what is 101100110 + 1?
101100111
In base 9, what is -6 + -7?
-14
In base 12, what is 40 + -13?
29
In base 14, what is 4 - -281?
285
In base 14, what is -77 - 11?
-88
In base 15, what is 283 + 6?
289
In base 15, what is d - 273?
-265
In base 14, what is 1156 + -2?
1154
In base 6, wh